{"id":97,"date":"2014-12-08T10:00:59","date_gmt":"2014-12-08T09:00:59","guid":{"rendered":"http:\/\/www.vs-halbturn.at\/wordpress\/?page_id=97"},"modified":"2025-09-29T13:03:38","modified_gmt":"2025-09-29T12:03:38","slug":"elternverein","status":"publish","type":"page","link":"https:\/\/www.vs-halbturn.at\/wordpress\/elternverein\/","title":{"rendered":"Elternverein"},"content":{"rendered":"<h1 style=\"text-align: center;\"><span style=\"color: #800080;\">Vorstand des Elternvereins 2025\/26<\/span><\/h1>\n<p><span style=\"color: #993366;\"><strong><span style=\"color: #800080;\">Vorsitzender<\/span>:<\/strong><\/span> <strong><span style=\"color: #000000;\">Dr. Christian Graf<\/span><\/strong><\/p>\n<p><span style=\"color: #0000ff;\"><strong><span style=\"color: #800080;\">Stellvertreterin:<\/span><\/strong><\/span>&nbsp;<strong><span style=\"color: #000000;\">Dr. Michaela Th\u00fcrnbeck-Kiss<\/span><\/strong><\/p>\n<p><span style=\"color: #0000ff;\"><strong><span style=\"color: #800080;\">Schriftf\u00fchrer: <span style=\"color: #000000;\">Mag. <\/span><\/span><\/strong><\/span><strong><span style=\"color: #000000;\">Norbert Kn\u00f6bl<\/span><\/strong><\/p>\n<p><span style=\"color: #0000ff;\"><strong><span style=\"color: #800080;\">Kassier: <span style=\"color: #000000;\">Mag. Andreas Brunner<\/span><\/span><\/strong><\/span><span style=\"color: #000000;\"><br \/>\n<\/span><\/p>\n<p>&nbsp;<\/p>\n<p style=\"text-align: justify;\"><span style=\"color: #000000;\">Eine aktive Elternvertretung ist ein wichtiges Bindeglied zwischen Schule, Eltern, Kindern und der Gemeinde. Eine freundschaftliche und konstruktive Zusammenarbeit mit der Direktion und den Lehrpersonen ist unser angestrebtes Ziel. Wir m\u00f6chten helfen, die Schule mitzugestalten und unseren Kindern eine bestm\u00f6gliche F\u00f6rderung zukommen zu lassen.<\/span><br \/>\n<span style=\"color: #000000;\"> Der Elternverein finanziert sich durch Beitr\u00e4ge der Eltern, Spenden und Erl\u00f6se aus diversen Veranstaltungen (Familienwandertage, Weihnachtsmarkt, Schulfeste).<\/span><\/p>\n<p style=\"text-align: justify;\"><span style=\"color: #000000;\">Der Gesamterl\u00f6s dieser Veranstaltungen kommt ausschlie\u00dflich unseren Kindern zu Gute!<\/span><\/p>\n<p style=\"text-align: justify;\"><span style=\"color: #000000;\">So werden damit Lehrmittel, Lernmaterialien, Bewegungsspiele \u2026 angeschafft. Die st\u00e4ndige Erweiterung der Klassenb\u00fccherei sowie Theaterauff\u00fchrungen und die Durchf\u00fchrung spezieller Aktionstage (z. B. Saferkids) werden durch diese Gelder ebenso unterst\u00fctzt. Aber auch Ausfl\u00fcge und Busfahrten unserer Kinder k\u00f6nnten&nbsp; ohne Mitfinanzierung nicht so kosteng\u00fcnstig abgewickelt werden!<\/span><\/p>\n<p style=\"text-align: justify;\"><span style=\"color: #000000;\">Deshalb&nbsp; bedanken wir uns im Namen aller Kinder der Volksschule f\u00fcr die gute Zusammenarbeit und freuen uns weiterhin auf Ihre Mithilfe!<\/span><\/p>\n","protected":false},"excerpt":{"rendered":"<p>Vorstand des Elternvereins 2025\/26 Vorsitzender: Dr. Christian Graf Stellvertreterin:&nbsp;Dr. Michaela Th\u00fcrnbeck-Kiss Schriftf\u00fchrer: Mag. Norbert Kn\u00f6bl Kassier: Mag. Andreas Brunner &nbsp; Eine aktive Elternvertretung ist ein wichtiges Bindeglied zwischen Schule, Eltern, Kindern und der Gemeinde. Eine freundschaftliche und konstruktive Zusammenarbeit mit der Direktion und den Lehrpersonen ist unser angestrebtes Ziel. Wir m\u00f6chten helfen, die Schule mitzugestalten [&hellip;]<\/p>\n","protected":false},"author":1,"featured_media":0,"parent":0,"menu_order":0,"comment_status":"closed","ping_status":"closed","template":"","meta":{"ngg_post_thumbnail":0,"footnotes":""},"class_list":["post-97","page","type-page","status-publish","hentry"],"_links":{"self":[{"href":"https:\/\/www.vs-halbturn.at\/wordpress\/wp-json\/wp\/v2\/pages\/97","targetHints":{"allow":["GET"]}}],"collection":[{"href":"https:\/\/www.vs-halbturn.at\/wordpress\/wp-json\/wp\/v2\/pages"}],"about":[{"href":"https:\/\/www.vs-halbturn.at\/wordpress\/wp-json\/wp\/v2\/types\/page"}],"author":[{"embeddable":true,"href":"https:\/\/www.vs-halbturn.at\/wordpress\/wp-json\/wp\/v2\/users\/1"}],"replies":[{"embeddable":true,"href":"https:\/\/www.vs-halbturn.at\/wordpress\/wp-json\/wp\/v2\/comments?post=97"}],"version-history":[{"count":24,"href":"https:\/\/www.vs-halbturn.at\/wordpress\/wp-json\/wp\/v2\/pages\/97\/revisions"}],"predecessor-version":[{"id":15480,"href":"https:\/\/www.vs-halbturn.at\/wordpress\/wp-json\/wp\/v2\/pages\/97\/revisions\/15480"}],"wp:attachment":[{"href":"https:\/\/www.vs-halbturn.at\/wordpress\/wp-json\/wp\/v2\/media?parent=97"}],"curies":[{"name":"wp","href":"https:\/\/api.w.org\/{rel}","templated":true}]}}