{"id":16,"date":"2014-12-07T20:12:23","date_gmt":"2014-12-07T19:12:23","guid":{"rendered":"http:\/\/www.vs-halbturn.at\/wordpress\/?page_id=16"},"modified":"2025-05-06T09:34:51","modified_gmt":"2025-05-06T08:34:51","slug":"nachmittagsbetreuung","status":"publish","type":"page","link":"https:\/\/www.vs-halbturn.at\/wordpress\/nachmittagsbetreuung\/","title":{"rendered":"Nachmittagsbetreuung"},"content":{"rendered":"<h1 style=\"text-align: center;\"><span style=\"color: #800080;\">Die Nachmittagsbetreuung<\/span><\/h1>\n<p><img loading=\"lazy\" decoding=\"async\" class=\"wp-image-12846 aligncenter\" src=\"https:\/\/www.vs-halbturn.at\/wordpress\/wp-content\/uploads\/2023\/01\/20230111_120808-scaled.jpg\" alt=\"\" width=\"217\" height=\"341\" srcset=\"https:\/\/www.vs-halbturn.at\/wordpress\/wp-content\/uploads\/2023\/01\/20230111_120808-scaled.jpg 1627w, https:\/\/www.vs-halbturn.at\/wordpress\/wp-content\/uploads\/2023\/01\/20230111_120808-768x1208.jpg 768w, https:\/\/www.vs-halbturn.at\/wordpress\/wp-content\/uploads\/2023\/01\/20230111_120808-976x1536.jpg 976w, https:\/\/www.vs-halbturn.at\/wordpress\/wp-content\/uploads\/2023\/01\/20230111_120808-1302x2048.jpg 1302w, https:\/\/www.vs-halbturn.at\/wordpress\/wp-content\/uploads\/2023\/01\/20230111_120808-624x982.jpg 624w\" sizes=\"auto, (max-width: 217px) 100vw, 217px\" \/><\/p>\n<p>&nbsp;<\/p>\n<p><span style=\"color: #000000;\">Die Nachmittagsbetreuung findet von <span style=\"color: #800080;\"><strong>Montag bis Freitag<\/strong>,<\/span> jeweils von <strong>11.40 Uhr bis 16.00 Uhr<\/strong> statt.<br \/>\n<\/span><span style=\"color: #000000;\">Die Betreuungsstunden \u00fcbernimmt Freizeitp\u00e4dagogin Sylvia Rappold und die Lerneinheiten werden von unseren P\u00e4dagoginnen <\/span><span style=\"color: #000000;\">gehalten.<br \/>\n<\/span><span style=\"color: #000000;\">Das Mittagessen wird vom <strong><span style=\"color: #800080;\">Restaurant Talos<\/span><\/strong> geliefert.<\/span><\/p>\n<p><strong>Kosten: \u20ac 4,90\/Men\u00fc<\/strong><\/p>\n<p><span style=\"color: #800080;\"><strong>Betreuungskosten (monatlich):<\/strong><\/span><\/p>\n<p style=\"padding-left: 30px;\"><span style=\"color: #000000;\"> 1 Tag\/Woche&nbsp;&nbsp; &nbsp;&nbsp;&nbsp;\u20ac 22,50<br \/>\n<\/span><br \/>\n<span style=\"color: #000000;\">2 Tage\/Woche&nbsp;&nbsp; &nbsp;\u20ac 30,00<br \/>\n<\/span><br \/>\n<span style=\"color: #000000;\">3 Tage\/Woche&nbsp;&nbsp; &nbsp;\u20ac 45,00<br \/>\n<\/span><br \/>\n<span style=\"color: #000000;\">4 Tage\/Woche&nbsp;&nbsp; &nbsp;\u20ac 60,00<\/span><br \/>\n<span style=\"color: #000000;\"><br \/>\n5 Tage\/Woche&nbsp;&nbsp;&nbsp; \u20ac 75,00<br \/>\n<\/span><\/p>\n<p><img loading=\"lazy\" decoding=\"async\" class=\"wp-image-12851 aligncenter\" src=\"https:\/\/www.vs-halbturn.at\/wordpress\/wp-content\/uploads\/2023\/01\/20230111_120820-scaled.jpg\" alt=\"\" width=\"203\" height=\"345\" srcset=\"https:\/\/www.vs-halbturn.at\/wordpress\/wp-content\/uploads\/2023\/01\/20230111_120820-scaled.jpg 1506w, https:\/\/www.vs-halbturn.at\/wordpress\/wp-content\/uploads\/2023\/01\/20230111_120820-768x1306.jpg 768w, https:\/\/www.vs-halbturn.at\/wordpress\/wp-content\/uploads\/2023\/01\/20230111_120820-903x1536.jpg 903w, https:\/\/www.vs-halbturn.at\/wordpress\/wp-content\/uploads\/2023\/01\/20230111_120820-1204x2048.jpg 1204w, https:\/\/www.vs-halbturn.at\/wordpress\/wp-content\/uploads\/2023\/01\/20230111_120820-624x1061.jpg 624w\" sizes=\"auto, (max-width: 203px) 100vw, 203px\" \/><\/p>\n<p><span style=\"text-decoration: underline;\"><span style=\"color: #800080; text-decoration: underline;\"><strong>Informationen zur Nachmittagsbetreuung<\/strong><\/span><\/span><\/p>\n<p><span style=\"color: #000000;\"><strong>Kleidung:&nbsp;<\/strong>So oft es das Wetter zul\u00e4sst, sind die Kinder im Garten oder besuchen Spielpl\u00e4tze. Ziehen Sie bitte Ihrem Kind Sachen an, die auch schmutzig werden d\u00fcrfen. Geben Sie eventuell auch eine Reservekleidung mit. <\/span><\/p>\n<p><span style=\"color: #000000;\"><strong>Spielsachen:<\/strong><\/span> <span style=\"color: #000000;\">Wir haben in der Nachmittagsbetreuung eine gro\u00dfe Auswahl an Spielen. In Ihrem eigenen Interesse wird darum gebeten kein Spielzeug mitzugeben. Handys und andere elektronische Ger\u00e4te sind laut Schulordnung verboten.<\/span><\/p>\n<p><span style=\"color: #000000;\"><strong>Fr\u00fche Abholung: <\/strong>Bitte teilen Sie rechtzeitg mit, wenn Ihr Kind einmal fr\u00fcher abgeholt wird.<\/span><\/p>\n<p><span style=\"color: #000000;\"><strong>Geburtstagsfeier: <\/strong>Falls Ihr Kind in der Nachmittagsbetreuung feiern m\u00f6chte, k\u00f6nnen Sie gerne Kuchen und\/oder Obst mitbringen. Getr\u00e4nke sind vorhanden.<\/span><\/p>\n<p><span style=\"color: #000000;\">Fragen, W\u00fcnsche, Anregungen sind gerne und jederzeit m\u00f6glich.<\/span><\/p>\n<p><img loading=\"lazy\" decoding=\"async\" class=\"wp-image-12859 aligncenter\" src=\"https:\/\/www.vs-halbturn.at\/wordpress\/wp-content\/uploads\/2023\/01\/20230111_142938-scaled.jpg\" alt=\"\" width=\"558\" height=\"281\" srcset=\"https:\/\/www.vs-halbturn.at\/wordpress\/wp-content\/uploads\/2023\/01\/20230111_142938-scaled.jpg 2560w, https:\/\/www.vs-halbturn.at\/wordpress\/wp-content\/uploads\/2023\/01\/20230111_142938-768x387.jpg 768w, https:\/\/www.vs-halbturn.at\/wordpress\/wp-content\/uploads\/2023\/01\/20230111_142938-1536x775.jpg 1536w, https:\/\/www.vs-halbturn.at\/wordpress\/wp-content\/uploads\/2023\/01\/20230111_142938-2048x1033.jpg 2048w, https:\/\/www.vs-halbturn.at\/wordpress\/wp-content\/uploads\/2023\/01\/20230111_142938-624x315.jpg 624w\" sizes=\"auto, (max-width: 558px) 100vw, 558px\" \/><\/p>\n<p>&nbsp;<\/p>\n","protected":false},"excerpt":{"rendered":"<p>Die Nachmittagsbetreuung &nbsp; Die Nachmittagsbetreuung findet von Montag bis Freitag, jeweils von 11.40 Uhr bis 16.00 Uhr statt. Die Betreuungsstunden \u00fcbernimmt Freizeitp\u00e4dagogin Sylvia Rappold und die Lerneinheiten werden von unseren P\u00e4dagoginnen gehalten. Das Mittagessen wird vom Restaurant Talos geliefert. Kosten: \u20ac 4,90\/Men\u00fc Betreuungskosten (monatlich): 1 Tag\/Woche&nbsp;&nbsp; &nbsp;&nbsp;&nbsp;\u20ac 22,50 2 Tage\/Woche&nbsp;&nbsp; &nbsp;\u20ac 30,00 3 Tage\/Woche&nbsp;&nbsp; &nbsp;\u20ac [&hellip;]<\/p>\n","protected":false},"author":1,"featured_media":0,"parent":0,"menu_order":0,"comment_status":"closed","ping_status":"closed","template":"","meta":{"ngg_post_thumbnail":0,"footnotes":""},"class_list":["post-16","page","type-page","status-publish","hentry"],"_links":{"self":[{"href":"https:\/\/www.vs-halbturn.at\/wordpress\/wp-json\/wp\/v2\/pages\/16","targetHints":{"allow":["GET"]}}],"collection":[{"href":"https:\/\/www.vs-halbturn.at\/wordpress\/wp-json\/wp\/v2\/pages"}],"about":[{"href":"https:\/\/www.vs-halbturn.at\/wordpress\/wp-json\/wp\/v2\/types\/page"}],"author":[{"embeddable":true,"href":"https:\/\/www.vs-halbturn.at\/wordpress\/wp-json\/wp\/v2\/users\/1"}],"replies":[{"embeddable":true,"href":"https:\/\/www.vs-halbturn.at\/wordpress\/wp-json\/wp\/v2\/comments?post=16"}],"version-history":[{"count":41,"href":"https:\/\/www.vs-halbturn.at\/wordpress\/wp-json\/wp\/v2\/pages\/16\/revisions"}],"predecessor-version":[{"id":15140,"href":"https:\/\/www.vs-halbturn.at\/wordpress\/wp-json\/wp\/v2\/pages\/16\/revisions\/15140"}],"wp:attachment":[{"href":"https:\/\/www.vs-halbturn.at\/wordpress\/wp-json\/wp\/v2\/media?parent=16"}],"curies":[{"name":"wp","href":"https:\/\/api.w.org\/{rel}","templated":true}]}}