{"id":12,"date":"2014-12-07T20:10:29","date_gmt":"2014-12-07T19:10:29","guid":{"rendered":"http:\/\/www.vs-halbturn.at\/wordpress\/?page_id=12"},"modified":"2023-07-03T14:02:33","modified_gmt":"2023-07-03T13:02:33","slug":"schulordnung","status":"publish","type":"page","link":"https:\/\/www.vs-halbturn.at\/wordpress\/schulordnung\/","title":{"rendered":"Schulordnung"},"content":{"rendered":"<h1 style=\"text-align: center;\"><span style=\"color: #ff00ff;\">Unsere Schulordnung<\/span><\/h1>\n<p style=\"text-align: center;\"><strong>Das Zusammenleben in unserer Schule verlangt eine gemeinsame Ordnung. In einer Gemeinschaft haben alle Rechte und Pflichten. <\/strong><strong>Wir pflegen einen h\u00f6flichen Umgangston und respektvolles Verhalten gegen\u00fcber allen in der Schule anwesenden Personen.<\/strong><\/p>\n<h1 style=\"text-align: center;\">&nbsp;<\/h1>\n<table style=\"height: 3552px;\" width=\"624\">\n<tbody>\n<tr>\n<td>\n<h2 style=\"text-align: center;\"><span style=\"color: #800080;\"><strong>Wir Lehrerinnen<\/strong><\/span><\/h2>\n<\/td>\n<\/tr>\n<tr>\n<td>\n<ul>\n<li>\n<h4><span style=\"color: #000000;\">bem\u00fchen uns um ein gutes Unterrichtsklima und ein positives Verh\u00e4ltnis zwischen Eltern, Lehrern und Sch\u00fclern<\/span><\/h4>\n<\/li>\n<\/ul>\n<\/td>\n<\/tr>\n<tr>\n<td>\n<ul>\n<li>\n<h4><span style=\"color: #000000;\">verwirklichen einen zeitgem\u00e4\u00dfen Unterricht entsprechend den Lehrplananforderungen<\/span><\/h4>\n<\/li>\n<\/ul>\n<\/td>\n<\/tr>\n<tr>\n<td>\n<ul>\n<li>\n<h4><span style=\"color: #000000;\">bieten Ihren Kindern unterschiedliche Lernm\u00f6glichkeiten an<\/span><\/h4>\n<\/li>\n<\/ul>\n<\/td>\n<\/tr>\n<tr>\n<td>\n<ul>\n<li>\n<h4><span style=\"color: #000000;\">verst\u00e4ndigen Sie \u00fcber den Lernerfolg Ihrer Kinder und besprechen F\u00f6rderma\u00dfnahmen<\/span><\/h4>\n<\/li>\n<\/ul>\n<\/td>\n<\/tr>\n<tr>\n<td>\n<ul>\n<li>\n<h4><span style=\"color: #000000;\">beaufsichtigen Ihre Kinder 15 Minuten vor Unterrichtsbeginn, w\u00e4hrend des Unterrichtes und in den Pausen<\/span><\/h4>\n<\/li>\n<\/ul>\n<\/td>\n<\/tr>\n<tr>\n<td>\n<ul>\n<li>\n<h4><span style=\"color: #000000;\">entlassen Ihre Kinder bei Unterrichtsentfall nur mit Ihrem schriftlichen Einverst\u00e4ndnis<\/span><\/h4>\n<\/li>\n<\/ul>\n<\/td>\n<\/tr>\n<tr>\n<td>\n<ul>\n<li>\n<h4><span style=\"color: #000000;\">verst\u00e4ndigen Sie bei Unf\u00e4llen, bei Unterrichts\u00e4nderungen, \u00fcber Schulveranstaltungen (Zeit, Ort, Treffpunkt und Zeitpunkt der Entlassung) und bei Erziehungsschwierigkeiten<\/span><\/h4>\n<\/li>\n<\/ul>\n<\/td>\n<\/tr>\n<tr>\n<td>\n<h2 style=\"text-align: center;\"><span style=\"color: #800080;\"><strong>Wir Eltern<\/strong><\/span><\/h2>\n<\/td>\n<\/tr>\n<tr>\n<td>\n<ul>\n<li>\n<h4><span style=\"color: #000000;\">sorgen daf\u00fcr, dass unsere Kinder rechtzeitig und ausgeschlafen in die Schule kommen<\/span><\/h4>\n<\/li>\n<\/ul>\n<\/td>\n<\/tr>\n<tr>\n<td>\n<ul>\n<li>\n<h4><span style=\"color: #000000;\">\u00fcberzeugen uns immer wieder, wie sich unsere Kinder im Stra\u00dfenverkehr verhalten und ob sie Gefahren richtig einsch\u00e4tzen<\/span><\/h4>\n<\/li>\n<\/ul>\n<\/td>\n<\/tr>\n<tr>\n<td>\n<ul>\n<li>\n<h4><span style=\"color: #000000;\">unterst\u00fctzen unsere Kinder beim Packen der Schultasche, beschaffen rechtzeitig die notwendigen Schulsachen und \u00fcberpr\u00fcfen sie in Abst\u00e4nden auf ihre Vollst\u00e4ndigkeit<\/span><\/h4>\n<\/li>\n<\/ul>\n<\/td>\n<\/tr>\n<tr>\n<td>\n<ul>\n<li>\n<h4><span style=\"color: #000000;\">entschuldigen unsere Kinder am 1. Tag m\u00fcndlich (Tel.: 8563) oder schriftlich \u00fcber die Skooly App<br \/>\n<\/span><\/h4>\n<\/li>\n<\/ul>\n<\/td>\n<\/tr>\n<tr>\n<td>\n<ul>\n<li>\n<h4><span style=\"color: #000000;\">geben eine Turnbefreiung schriftlich oder m\u00fcndlich bekannt<\/span><\/h4>\n<\/li>\n<\/ul>\n<\/td>\n<\/tr>\n<tr>\n<td>\n<ul>\n<li>\n<h4><span style=\"color: #000000;\">achten auf den regelm\u00e4\u00dfigen Besuch von Unverbindlichen \u00dcbungen, zu denen wir unsere Kinder angemeldet haben<\/span><\/h4>\n<\/li>\n<\/ul>\n<\/td>\n<\/tr>\n<tr>\n<td>\n<ul>\n<li>\n<h4><span style=\"color: #000000;\">sehen das Mitteilungsheft und die Skooly App als wichtige Kommunikationsmittel, ben\u00fctzen und unterschreiben die Mitteilungen<br \/>\n<\/span><\/h4>\n<\/li>\n<\/ul>\n<\/td>\n<\/tr>\n<tr>\n<td>\n<ul>\n<li>\n<h4><span style=\"color: #000000;\">bezahlen oder \u00fcberweisen Geldbetr\u00e4ge rechtzeitig<\/span><\/h4>\n<\/li>\n<\/ul>\n<\/td>\n<\/tr>\n<tr>\n<td>\n<ul>\n<li>\n<h4><span style=\"color: #000000;\">\u00fcbernehmen die Haftung sowohl f\u00fcr Wertgegenst\u00e4nde als auch f\u00fcr mutwillig zerst\u00f6rtes Schuleigentum<\/span><\/h4>\n<\/li>\n<\/ul>\n<\/td>\n<\/tr>\n<tr>\n<td>\n<ul>\n<li>\n<h4><span style=\"color: #000000;\">unterst\u00fctzen schulische Aktivit\u00e4ten<\/span><\/h4>\n<\/li>\n<\/ul>\n<h4>&nbsp;<\/h4>\n<\/td>\n<\/tr>\n<tr>\n<td>\n<h2 style=\"text-align: center;\"><span style=\"color: #800080;\"><strong>Wir Sch\u00fcler<\/strong><\/span><\/h2>\n<\/td>\n<\/tr>\n<tr>\n<td>\n<ul>\n<li>\n<h4><span style=\"color: #000000;\">bleiben auf dem sicheren Schulweg<\/span><\/h4>\n<\/li>\n<\/ul>\n<\/td>\n<\/tr>\n<tr>\n<td>\n<ul>\n<li>\n<h4><span style=\"color: #000000;\">ben\u00fctzen keine Fahrr\u00e4der, Scooter und Roller-Skates auf unserem Schulweg<\/span><\/h4>\n<\/li>\n<\/ul>\n<\/td>\n<\/tr>\n<tr>\n<td>\n<ul>\n<li>\n<h4><span style=\"color: #000000;\">kommen p\u00fcnktlich in die Schule und geben bei Versp\u00e4tungen den Grund an<\/span><\/h4>\n<\/li>\n<\/ul>\n<\/td>\n<\/tr>\n<tr>\n<td>\n<ul>\n<li>\n<h4><span style=\"color: #000000;\">begr\u00fc\u00dfen unsere Lehrer<\/span><\/h4>\n<\/li>\n<\/ul>\n<\/td>\n<\/tr>\n<tr>\n<td>\n<ul>\n<li>\n<h4><span style=\"color: #000000;\">tragen im Schulgeb\u00e4ude Hausschuhe<\/span><\/h4>\n<\/li>\n<\/ul>\n<\/td>\n<\/tr>\n<tr>\n<td>\n<ul>\n<li>\n<h4><span style=\"color: #000000;\">beteiligen uns am Unterricht und st\u00f6ren weder Lehrer noch Mitsch\u00fcler<br \/>\n<\/span><\/h4>\n<\/li>\n<\/ul>\n<\/td>\n<\/tr>\n<tr>\n<td>\n<ul>\n<li>\n<h4><span style=\"color: #000000;\">bem\u00fchen uns, unsere Arbeiten m\u00f6glichst selbstst\u00e4ndig zu erledigen<br \/>\n<\/span><\/h4>\n<\/li>\n<\/ul>\n<\/td>\n<\/tr>\n<tr>\n<td>\n<ul>\n<li>\n<h4><span style=\"color: #000000;\">fragen, wenn wir uns nicht auskennen<br \/>\n<\/span><\/h4>\n<\/li>\n<\/ul>\n<\/td>\n<\/tr>\n<tr>\n<td>\n<ul>\n<li>\n<h4><span style=\"color: #000000;\">lassen andere ausreden<br \/>\n<\/span><\/h4>\n<\/li>\n<\/ul>\n<\/td>\n<\/tr>\n<tr>\n<td>\n<ul>\n<li>\n<h4><span style=\"color: #000000;\">verletzen einander nicht durch Worte<br \/>\n<\/span><\/h4>\n<\/li>\n<\/ul>\n<\/td>\n<\/tr>\n<tr>\n<td>\n<ul>\n<li>\n<h4><span style=\"color: #000000;\">grenzen niemanden aus wegen seiner Herkunft, seines Aussehens und seiner Kleidung<br \/>\n<\/span><\/h4>\n<\/li>\n<\/ul>\n<\/td>\n<\/tr>\n<tr>\n<td>\n<ul>\n<li>\n<h4><span style=\"color: #000000;\">verletzen einander nicht durch k\u00f6rperliche Gewalt<br \/>\n<\/span><\/h4>\n<\/li>\n<\/ul>\n<\/td>\n<\/tr>\n<tr>\n<td>\n<ul>\n<li>\n<h4><span style=\"color: #000000;\">verhalten uns in den Pausen r\u00fccksichtsvoll<br \/>\n<\/span><\/h4>\n<\/li>\n<\/ul>\n<\/td>\n<\/tr>\n<tr>\n<td>\n<ul>\n<li>\n<h4><span style=\"color: #000000;\">gehen mit Fremdeigentum verantwortungsvoll um<br \/>\n<\/span><\/h4>\n<\/li>\n<\/ul>\n<\/td>\n<\/tr>\n<tr>\n<td>\n<ul>\n<li>\n<h4><span style=\"color: #000000;\">verlassen das Geb\u00e4ude mit dem Unterrichtsende<br \/>\n<\/span><\/h4>\n<\/li>\n<\/ul>\n<\/td>\n<\/tr>\n<tr>\n<td>&nbsp;<\/td>\n<\/tr>\n<tr>\n<td>&nbsp;<\/td>\n<\/tr>\n<\/tbody>\n<\/table>\n<p>&nbsp;<\/p>\n","protected":false},"excerpt":{"rendered":"<p>Unsere Schulordnung Das Zusammenleben in unserer Schule verlangt eine gemeinsame Ordnung. In einer Gemeinschaft haben alle Rechte und Pflichten. Wir pflegen einen h\u00f6flichen Umgangston und respektvolles Verhalten gegen\u00fcber allen in der Schule anwesenden Personen. &nbsp; Wir Lehrerinnen bem\u00fchen uns um ein gutes Unterrichtsklima und ein positives Verh\u00e4ltnis zwischen Eltern, Lehrern und Sch\u00fclern verwirklichen einen zeitgem\u00e4\u00dfen [&hellip;]<\/p>\n","protected":false},"author":1,"featured_media":0,"parent":0,"menu_order":0,"comment_status":"closed","ping_status":"closed","template":"","meta":{"ngg_post_thumbnail":0,"footnotes":""},"class_list":["post-12","page","type-page","status-publish","hentry"],"_links":{"self":[{"href":"https:\/\/www.vs-halbturn.at\/wordpress\/wp-json\/wp\/v2\/pages\/12","targetHints":{"allow":["GET"]}}],"collection":[{"href":"https:\/\/www.vs-halbturn.at\/wordpress\/wp-json\/wp\/v2\/pages"}],"about":[{"href":"https:\/\/www.vs-halbturn.at\/wordpress\/wp-json\/wp\/v2\/types\/page"}],"author":[{"embeddable":true,"href":"https:\/\/www.vs-halbturn.at\/wordpress\/wp-json\/wp\/v2\/users\/1"}],"replies":[{"embeddable":true,"href":"https:\/\/www.vs-halbturn.at\/wordpress\/wp-json\/wp\/v2\/comments?post=12"}],"version-history":[{"count":28,"href":"https:\/\/www.vs-halbturn.at\/wordpress\/wp-json\/wp\/v2\/pages\/12\/revisions"}],"predecessor-version":[{"id":13839,"href":"https:\/\/www.vs-halbturn.at\/wordpress\/wp-json\/wp\/v2\/pages\/12\/revisions\/13839"}],"wp:attachment":[{"href":"https:\/\/www.vs-halbturn.at\/wordpress\/wp-json\/wp\/v2\/media?parent=12"}],"curies":[{"name":"wp","href":"https:\/\/api.w.org\/{rel}","templated":true}]}}